{"id":2785,"date":"2020-07-23T15:04:24","date_gmt":"2020-07-23T20:04:24","guid":{"rendered":"http:\/\/blog.terratronit.com.mx\/?page_id=2785"},"modified":"2020-11-03T13:13:58","modified_gmt":"2020-11-03T18:13:58","slug":"platicas-en-confianza","status":"publish","type":"page","link":"https:\/\/www.terratronit.com.mx\/blog\/platicas-en-confianza\/","title":{"rendered":"Pl\u00e1ticas en confianza"},"content":{"rendered":"\n<div class=\"wp-block-image\"><figure class=\"aligncenter\"><img width=\"1024\" height=\"450\" src=\"https:\/\/www.terratronit.com.mx\/blog\/wp-content\/themes\/newsmag\/assets\/images\/picture_placeholder_list.jpg\" data-src=\"https:\/\/www.terratronit.com.mx\/blog\/\/wp-content\/uploads\/2020\/07\/portada-1024x450.jpeg\" alt=\"\" class=\"blazy wp-image-2787\" srcset=\"https:\/\/www.terratronit.com.mx\/blog\/wp-content\/uploads\/2020\/07\/portada-1024x450.jpeg 1024w, https:\/\/www.terratronit.com.mx\/blog\/wp-content\/uploads\/2020\/07\/portada-300x132.jpeg 300w, https:\/\/www.terratronit.com.mx\/blog\/wp-content\/uploads\/2020\/07\/portada-768x337.jpeg 768w, https:\/\/www.terratronit.com.mx\/blog\/wp-content\/uploads\/2020\/07\/portada.jpeg 1280w\" sizes=\"(max-width: 1024px) 100vw, 1024px\" \/><noscript><img width=\"1024\" height=\"450\" src=\"https:\/\/www.terratronit.com.mx\/blog\/\/wp-content\/uploads\/2020\/07\/portada-1024x450.jpeg\" alt=\"\" class=\"wp-image-2787\" srcset=\"https:\/\/www.terratronit.com.mx\/blog\/wp-content\/uploads\/2020\/07\/portada-1024x450.jpeg 1024w, https:\/\/www.terratronit.com.mx\/blog\/wp-content\/uploads\/2020\/07\/portada-300x132.jpeg 300w, https:\/\/www.terratronit.com.mx\/blog\/wp-content\/uploads\/2020\/07\/portada-768x337.jpeg 768w, https:\/\/www.terratronit.com.mx\/blog\/wp-content\/uploads\/2020\/07\/portada.jpeg 1280w\" sizes=\"(max-width: 1024px) 100vw, 1024px\" \/><\/noscript><\/figure><\/div>\n\n\n\n<div style=\"height:35px\" aria-hidden=\"true\" class=\"wp-block-spacer\"><\/div>\n\n\n\n<center><h5 style=\"font-size:20px; font-weight:light; color:#004257;\">Te invitamos a conocer m\u00e1s acerca de las pl\u00e1ticas de confianza cuando fuimos miembros de BNI: <\/h5><\/center>\n\n\n\n<div style=\"height:51px\" aria-hidden=\"true\" class=\"wp-block-spacer\"><\/div>\n\n\n<div class=\"pt-cv-wrapper\"><div class=\"pt-cv-view pt-cv-grid pt-cv-colsys\" id=\"pt-cv-view-437b364xdb\"><div data-id=\"pt-cv-page-1\" class=\"pt-cv-page\" data-cvc=\"1\"><div class=\"col-md-12 col-sm-12 col-xs-12 pt-cv-content-item pt-cv-2-col\" ><div class='pt-cv-ifield'><a href=\"https:\/\/www.terratronit.com.mx\/blog\/platicas-en-confianza-con-nieva-imperllanta-del-altiplano\/\" class=\"_blank pt-cv-href-thumbnail pt-cv-thumb-left\" target=\"_blank\" ><img width=\"300\" height=\"157\" src=\"https:\/\/www.terratronit.com.mx\/blog\/wp-content\/uploads\/2020\/07\/WhatsApp-Image-2020-07-28-at-14.42.25-300x157.jpeg\" class=\"pt-cv-thumbnail pull-left\" alt=\"\" srcset=\"https:\/\/www.terratronit.com.mx\/blog\/wp-content\/uploads\/2020\/07\/WhatsApp-Image-2020-07-28-at-14.42.25-300x157.jpeg 300w, https:\/\/www.terratronit.com.mx\/blog\/wp-content\/uploads\/2020\/07\/WhatsApp-Image-2020-07-28-at-14.42.25-768x402.jpeg 768w, https:\/\/www.terratronit.com.mx\/blog\/wp-content\/uploads\/2020\/07\/WhatsApp-Image-2020-07-28-at-14.42.25.jpeg 960w\" sizes=\"(max-width: 300px) 100vw, 300px\" \/><\/a>\n<div class=\"pt-cv-colwrap\"><h4 class=\"pt-cv-title\"><a href=\"https:\/\/www.terratronit.com.mx\/blog\/platicas-en-confianza-con-nieva-imperllanta-del-altiplano\/\" class=\"_blank\" target=\"_blank\" >Pl\u00e1ticas en Confianza con Nieva Imperllanta del Altiplano<\/a><\/h4><div class=\"pt-cv-content\">Es momento de decirle adi\u00f3s a las GOTERAS, HUMEDAD Y FILTRACIONES \u00bfTe interesa impermeabilizar tu casa o negocio? \u00bfC\u00f3mo podemos ...<br \/><a href=\"https:\/\/www.terratronit.com.mx\/blog\/platicas-en-confianza-con-nieva-imperllanta-del-altiplano\/\" class=\"_blank pt-cv-readmore btn btn-success\" target=\"_blank\">\u00a1Ver ahora!<\/a><\/div><\/div><\/div><\/div>\n<div class=\"col-md-12 col-sm-12 col-xs-12 pt-cv-content-item pt-cv-2-col\" ><div class='pt-cv-ifield'><a href=\"https:\/\/www.terratronit.com.mx\/blog\/platicas-en-confianza-con-firma-juridica-hernandez-jimenez\/\" class=\"_blank pt-cv-href-thumbnail pt-cv-thumb-left\" target=\"_blank\" ><img width=\"300\" height=\"157\" src=\"https:\/\/www.terratronit.com.mx\/blog\/wp-content\/uploads\/2020\/07\/firma-juridica-300x157.jpeg\" class=\"pt-cv-thumbnail pull-left\" alt=\"\" srcset=\"https:\/\/www.terratronit.com.mx\/blog\/wp-content\/uploads\/2020\/07\/firma-juridica-300x157.jpeg 300w, https:\/\/www.terratronit.com.mx\/blog\/wp-content\/uploads\/2020\/07\/firma-juridica-768x402.jpeg 768w, https:\/\/www.terratronit.com.mx\/blog\/wp-content\/uploads\/2020\/07\/firma-juridica.jpeg 960w\" sizes=\"(max-width: 300px) 100vw, 300px\" \/><\/a>\n<div class=\"pt-cv-colwrap\"><h4 class=\"pt-cv-title\"><a href=\"https:\/\/www.terratronit.com.mx\/blog\/platicas-en-confianza-con-firma-juridica-hernandez-jimenez\/\" class=\"_blank\" target=\"_blank\" >Pl\u00e1ticas en Confianza con Firma Jur\u00eddica Hern\u00e1ndez Jim\u00e9nez<\/a><\/h4><div class=\"pt-cv-content\">\u00bfSabes qu\u00e9 hacer de manera legal al enviar a los trabajadores a Home Office? en esta platica de confianza que ...<br \/><a href=\"https:\/\/www.terratronit.com.mx\/blog\/platicas-en-confianza-con-firma-juridica-hernandez-jimenez\/\" class=\"_blank pt-cv-readmore btn btn-success\" target=\"_blank\">\u00a1Ver ahora!<\/a><\/div><\/div><\/div><\/div>\n<div class=\"col-md-12 col-sm-12 col-xs-12 pt-cv-content-item pt-cv-2-col\" ><div class='pt-cv-ifield'><a href=\"https:\/\/www.terratronit.com.mx\/blog\/platicas-en-confianza-con-ruben-salazar-de-procip\/\" class=\"_blank pt-cv-href-thumbnail pt-cv-thumb-left\" target=\"_blank\" ><img width=\"300\" height=\"157\" src=\"https:\/\/www.terratronit.com.mx\/blog\/wp-content\/uploads\/2020\/07\/ruben-salazar-300x157.jpeg\" class=\"pt-cv-thumbnail pull-left\" alt=\"\" srcset=\"https:\/\/www.terratronit.com.mx\/blog\/wp-content\/uploads\/2020\/07\/ruben-salazar-300x157.jpeg 300w, https:\/\/www.terratronit.com.mx\/blog\/wp-content\/uploads\/2020\/07\/ruben-salazar-768x402.jpeg 768w, https:\/\/www.terratronit.com.mx\/blog\/wp-content\/uploads\/2020\/07\/ruben-salazar.jpeg 960w\" sizes=\"(max-width: 300px) 100vw, 300px\" \/><\/a>\n<div class=\"pt-cv-colwrap\"><h4 class=\"pt-cv-title\"><a href=\"https:\/\/www.terratronit.com.mx\/blog\/platicas-en-confianza-con-ruben-salazar-de-procip\/\" class=\"_blank\" target=\"_blank\" >Pl\u00e1ticas en Confianza con Rub\u00e9n Salazar de PROCIP<\/a><\/h4><div class=\"pt-cv-content\">\u00bfSabes cu\u00e1l es la diferencia entre Sanitizar y Desinfectar? es una duda muy com\u00fan y m\u00e1s ahora en tiempos de ...<br \/><a href=\"https:\/\/www.terratronit.com.mx\/blog\/platicas-en-confianza-con-ruben-salazar-de-procip\/\" class=\"_blank pt-cv-readmore btn btn-success\" target=\"_blank\">\u00a1Ver ahora!<\/a><\/div><\/div><\/div><\/div><\/div><\/div><\/div>\n\n\n\n<div style=\"height:51px\" aria-hidden=\"true\" class=\"wp-block-spacer\"><\/div>\n\n\n\n<center><h5 style=\"font-size:18px; font-weight:light;\">Terratronit fue miembro activo de BNI Distrito Plata, gracias a esta red de contactos obtuvimos beneficios de valor como: <\/h5><\/center>\n\n\n\n<div style=\"height:35px\" aria-hidden=\"true\" class=\"wp-block-spacer\"><\/div>\n\n\n\n<div class=\"wp-container-4 wp-block-columns has-3-columns\">\n<div class=\"wp-container-1 wp-block-column\">\n<div class=\"wp-block-image\"><figure class=\"aligncenter is-resized\"><img src=\"https:\/\/www.terratronit.com.mx\/blog\/wp-content\/themes\/newsmag\/assets\/images\/picture_placeholder_list.jpg\" data-src=\"https:\/\/www.terratronit.com.mx\/blog\/\/wp-content\/uploads\/2020\/07\/001-realimentacion.png\" alt=\"\" class=\"blazy wp-image-2800\" width=\"128\" height=\"128\" srcset=\"https:\/\/www.terratronit.com.mx\/blog\/wp-content\/uploads\/2020\/07\/001-realimentacion.png 256w, https:\/\/www.terratronit.com.mx\/blog\/wp-content\/uploads\/2020\/07\/001-realimentacion-150x150.png 150w, https:\/\/www.terratronit.com.mx\/blog\/wp-content\/uploads\/2020\/07\/001-realimentacion-65x65.png 65w\" sizes=\"(max-width: 128px) 100vw, 128px\" \/><noscript><img src=\"https:\/\/www.terratronit.com.mx\/blog\/\/wp-content\/uploads\/2020\/07\/001-realimentacion.png\" alt=\"\" class=\"wp-image-2800\" width=\"128\" height=\"128\" srcset=\"https:\/\/www.terratronit.com.mx\/blog\/wp-content\/uploads\/2020\/07\/001-realimentacion.png 256w, https:\/\/www.terratronit.com.mx\/blog\/wp-content\/uploads\/2020\/07\/001-realimentacion-150x150.png 150w, https:\/\/www.terratronit.com.mx\/blog\/wp-content\/uploads\/2020\/07\/001-realimentacion-65x65.png 65w\" sizes=\"(max-width: 128px) 100vw, 128px\" \/><\/noscript><\/figure><\/div>\n\n\n\n<p class=\"has-text-align-center\" style=\"font-size:18px\">Generar visibilidad para tu negocio.<\/p>\n<\/div>\n\n\n\n<div class=\"wp-container-2 wp-block-column\">\n<div class=\"wp-block-image\"><figure class=\"aligncenter is-resized\"><img src=\"https:\/\/www.terratronit.com.mx\/blog\/wp-content\/themes\/newsmag\/assets\/images\/picture_placeholder_list.jpg\" data-src=\"https:\/\/www.terratronit.com.mx\/blog\/\/wp-content\/uploads\/2020\/07\/002-tendencia.png\" alt=\"\" class=\"blazy wp-image-2801\" width=\"128\" height=\"128\" srcset=\"https:\/\/www.terratronit.com.mx\/blog\/wp-content\/uploads\/2020\/07\/002-tendencia.png 256w, https:\/\/www.terratronit.com.mx\/blog\/wp-content\/uploads\/2020\/07\/002-tendencia-150x150.png 150w, https:\/\/www.terratronit.com.mx\/blog\/wp-content\/uploads\/2020\/07\/002-tendencia-65x65.png 65w\" sizes=\"(max-width: 128px) 100vw, 128px\" \/><noscript><img src=\"https:\/\/www.terratronit.com.mx\/blog\/\/wp-content\/uploads\/2020\/07\/002-tendencia.png\" alt=\"\" class=\"wp-image-2801\" width=\"128\" height=\"128\" srcset=\"https:\/\/www.terratronit.com.mx\/blog\/wp-content\/uploads\/2020\/07\/002-tendencia.png 256w, https:\/\/www.terratronit.com.mx\/blog\/wp-content\/uploads\/2020\/07\/002-tendencia-150x150.png 150w, https:\/\/www.terratronit.com.mx\/blog\/wp-content\/uploads\/2020\/07\/002-tendencia-65x65.png 65w\" sizes=\"(max-width: 128px) 100vw, 128px\" \/><\/noscript><\/figure><\/div>\n\n\n\n<p class=\"has-text-align-center\" style=\"font-size:18px\">Conocer los productos, servicios y tendencias actuales de cada una de las \u00e1reas.<\/p>\n<\/div>\n\n\n\n<div class=\"wp-container-3 wp-block-column\">\n<div class=\"wp-block-image\"><figure class=\"aligncenter is-resized\"><img src=\"https:\/\/www.terratronit.com.mx\/blog\/wp-content\/themes\/newsmag\/assets\/images\/picture_placeholder_list.jpg\" data-src=\"https:\/\/www.terratronit.com.mx\/blog\/\/wp-content\/uploads\/2020\/07\/003-grupo.png\" alt=\"\" class=\"blazy wp-image-2802\" width=\"128\" height=\"128\" srcset=\"https:\/\/www.terratronit.com.mx\/blog\/wp-content\/uploads\/2020\/07\/003-grupo.png 256w, https:\/\/www.terratronit.com.mx\/blog\/wp-content\/uploads\/2020\/07\/003-grupo-150x150.png 150w, https:\/\/www.terratronit.com.mx\/blog\/wp-content\/uploads\/2020\/07\/003-grupo-65x65.png 65w\" sizes=\"(max-width: 128px) 100vw, 128px\" \/><noscript><img src=\"https:\/\/www.terratronit.com.mx\/blog\/\/wp-content\/uploads\/2020\/07\/003-grupo.png\" alt=\"\" class=\"wp-image-2802\" width=\"128\" height=\"128\" srcset=\"https:\/\/www.terratronit.com.mx\/blog\/wp-content\/uploads\/2020\/07\/003-grupo.png 256w, https:\/\/www.terratronit.com.mx\/blog\/wp-content\/uploads\/2020\/07\/003-grupo-150x150.png 150w, https:\/\/www.terratronit.com.mx\/blog\/wp-content\/uploads\/2020\/07\/003-grupo-65x65.png 65w\" sizes=\"(max-width: 128px) 100vw, 128px\" \/><\/noscript><\/figure><\/div>\n\n\n\n<p class=\"has-text-align-center\" style=\"font-size:18px\">Aprender de los labores y servicios de todo tipo.<\/p>\n<\/div>\n<\/div>\n\n\n\n<hr class=\"wp-block-separator is-style-wide\"\/>\n\n\n\n<center><h4 style=\"color:#de1039; text-transform:initial;\">\u00bfTe interesa asistir a una reuni\u00f3n empresarial con m\u00e1s de 20 due\u00f1os de negocio Hidalguenses? <\/h4><\/center>\n\n\n\n<div class=\"wp-block-image\"><figure class=\"aligncenter is-resized\"><img src=\"https:\/\/www.terratronit.com.mx\/blog\/wp-content\/themes\/newsmag\/assets\/images\/picture_placeholder_list.jpg\" data-src=\"https:\/\/www.terratronit.com.mx\/blog\/\/wp-content\/uploads\/2020\/07\/horario-1024x196.png\" alt=\"\" class=\"blazy wp-image-2841\" width=\"392\" height=\"75\" srcset=\"https:\/\/www.terratronit.com.mx\/blog\/wp-content\/uploads\/2020\/07\/horario-1024x196.png 1024w, https:\/\/www.terratronit.com.mx\/blog\/wp-content\/uploads\/2020\/07\/horario-300x57.png 300w, https:\/\/www.terratronit.com.mx\/blog\/wp-content\/uploads\/2020\/07\/horario-768x147.png 768w, https:\/\/www.terratronit.com.mx\/blog\/wp-content\/uploads\/2020\/07\/horario.png 1276w\" sizes=\"(max-width: 392px) 100vw, 392px\" \/><noscript><img src=\"https:\/\/www.terratronit.com.mx\/blog\/\/wp-content\/uploads\/2020\/07\/horario-1024x196.png\" alt=\"\" class=\"wp-image-2841\" width=\"392\" height=\"75\" srcset=\"https:\/\/www.terratronit.com.mx\/blog\/wp-content\/uploads\/2020\/07\/horario-1024x196.png 1024w, https:\/\/www.terratronit.com.mx\/blog\/wp-content\/uploads\/2020\/07\/horario-300x57.png 300w, https:\/\/www.terratronit.com.mx\/blog\/wp-content\/uploads\/2020\/07\/horario-768x147.png 768w, https:\/\/www.terratronit.com.mx\/blog\/wp-content\/uploads\/2020\/07\/horario.png 1276w\" sizes=\"(max-width: 392px) 100vw, 392px\" \/><\/noscript><\/figure><\/div>\n\n\n\n<div class=\"wp-container-7 wp-block-columns has-2-columns\">\n<div class=\"wp-container-5 wp-block-column\"><div class=\"wpforms-container wpforms-container-full\" id=\"wpforms-2842\"><form id=\"wpforms-form-2842\" class=\"wpforms-validate wpforms-form\" data-formid=\"2842\" method=\"post\" enctype=\"multipart\/form-data\" action=\"\/blog\/wp-json\/wp\/v2\/pages\/2785\" data-token=\"313d7bc39acd46112d6fcf0cede88df8\"><noscript class=\"wpforms-error-noscript\">Por favor, activa JavaScript en tu navegador para completar este formulario.<\/noscript><div class=\"wpforms-field-container\"><div id=\"wpforms-2842-field_0-container\" class=\"wpforms-field wpforms-field-name\" data-field-id=\"0\"><label class=\"wpforms-field-label\" for=\"wpforms-2842-field_0\">Nombre Completo <span class=\"wpforms-required-label\">*<\/span><\/label><input type=\"text\" id=\"wpforms-2842-field_0\" class=\"wpforms-field-large wpforms-field-required\" name=\"wpforms[fields][0]\" required><\/div><div id=\"wpforms-2842-field_5-container\" class=\"wpforms-field wpforms-field-number\" data-field-id=\"5\"><label class=\"wpforms-field-label\" for=\"wpforms-2842-field_5\">N\u00famero de Tel\u00e9fono <span class=\"wpforms-required-label\">*<\/span><\/label><input type=\"number\" pattern=\"\\d*\" id=\"wpforms-2842-field_5\" class=\"wpforms-field-large wpforms-field-required\" name=\"wpforms[fields][5]\" required><\/div><\/div><div class=\"wpforms-field wpforms-field-hp\"><label for=\"wpforms-2842-field-hp\" class=\"wpforms-field-label\">Website<\/label><input type=\"text\" name=\"wpforms[hp]\" id=\"wpforms-2842-field-hp\" class=\"wpforms-field-medium\"><\/div><div class=\"wpforms-recaptcha-container wpforms-is-recaptcha\"><div class=\"g-recaptcha\" data-sitekey=\"6LdBxdcZAAAAAMnqX76-ap8p6EtcDK_bDc8o4S4u\"><\/div><input type=\"text\" name=\"g-recaptcha-hidden\" class=\"wpforms-recaptcha-hidden\" style=\"position:absolute!important;clip:rect(0,0,0,0)!important;height:1px!important;width:1px!important;border:0!important;overflow:hidden!important;padding:0!important;margin:0!important;\" required><\/div><div class=\"wpforms-submit-container\"><input type=\"hidden\" name=\"wpforms[id]\" value=\"2842\"><input type=\"hidden\" name=\"wpforms[author]\" value=\"1\"><button type=\"submit\" name=\"wpforms[submit]\" id=\"wpforms-submit-2842\" class=\"wpforms-submit\" data-alt-text=\"Enviando...\" data-submit-text=\"Enviar\" aria-live=\"assertive\" value=\"wpforms-submit\">Enviar<\/button><\/div><\/form><\/div>  <!-- .wpforms-container -->\n<\/div>\n\n\n\n<div class=\"wp-container-6 wp-block-column\">\n<center><h5 style=\"font-size:20px;  color:#004257;\">RECOMENDACIONES <\/h5><\/center>\n\n\n\n<ul><li style=\"font-size:18px; text-align:justify;\">Generar una presentaci\u00f3n hablada de alto impacto de 20 segundos (Elevator Pitch): qui\u00e9n eres, en qu\u00e9 le ayudas a las personas o qu\u00e9 ofreces y el tipo de cliente ideal<\/li><li style=\"font-size:18px; text-align:justify;\">Compartir en el messenger de zoom tus datos de contacto<\/li><li style=\"font-size:18px; text-align:justify;\">Mantener siempre prendida la c\u00e1mara<\/li><li style=\"font-size:18px; text-align:justify;\">Llegar puntual a la sala zoom para participar en la primer din\u00e1mica<\/li><\/ul>\n<\/div>\n<\/div>\n\n\n\n<hr class=\"wp-block-separator is-style-wide\"\/>\n\n\n\n<div style=\"height:35px\" aria-hidden=\"true\" class=\"wp-block-spacer\"><\/div>\n\n\n\n<div style=\"height:35px\" aria-hidden=\"true\" class=\"wp-block-spacer\"><\/div>\n\n\n\n<center><h3 style=\"color:#004257;\">\u00bfQuieres tener una pl\u00e1tica de confianza con nosotros?<\/h3><\/center>\n\n\n\n<center><h5 style=\"font-size:18px; color:#05a5ef;\">\u00a1Cont\u00e1ctanos para brindarte toda la informaci\u00f3n que necesitas!<\/h5><\/center>\n\n\n\n<center><h5 style=\"font-size:16px; color:#de1039;\">ESTAMOS PARA AYUDARTE!<\/h5><\/center>\n\n\n\n<div style=\"height:20px\" aria-hidden=\"true\" class=\"wp-block-spacer\"><\/div>\n\n\n\n<div class=\"wp-container-10 wp-block-columns has-2-columns\">\n<div class=\"wp-container-8 wp-block-column\">\n<div class=\"wp-block-image\"><figure class=\"aligncenter\"><img width=\"1024\" height=\"683\" src=\"https:\/\/www.terratronit.com.mx\/blog\/wp-content\/themes\/newsmag\/assets\/images\/picture_placeholder_list.jpg\" data-src=\"https:\/\/www.terratronit.com.mx\/blog\/\/wp-content\/uploads\/2020\/06\/portada-terratronit-1024x683.png\" alt=\"\" class=\"blazy wp-image-2692\" srcset=\"https:\/\/www.terratronit.com.mx\/blog\/wp-content\/uploads\/2020\/06\/portada-terratronit-1024x683.png 1024w, https:\/\/www.terratronit.com.mx\/blog\/wp-content\/uploads\/2020\/06\/portada-terratronit-300x200.png 300w, https:\/\/www.terratronit.com.mx\/blog\/wp-content\/uploads\/2020\/06\/portada-terratronit-768x512.png 768w, https:\/\/www.terratronit.com.mx\/blog\/wp-content\/uploads\/2020\/06\/portada-terratronit.png 1920w\" sizes=\"(max-width: 1024px) 100vw, 1024px\" \/><noscript><img width=\"1024\" height=\"683\" src=\"https:\/\/www.terratronit.com.mx\/blog\/\/wp-content\/uploads\/2020\/06\/portada-terratronit-1024x683.png\" alt=\"\" class=\"wp-image-2692\" srcset=\"https:\/\/www.terratronit.com.mx\/blog\/wp-content\/uploads\/2020\/06\/portada-terratronit-1024x683.png 1024w, https:\/\/www.terratronit.com.mx\/blog\/wp-content\/uploads\/2020\/06\/portada-terratronit-300x200.png 300w, https:\/\/www.terratronit.com.mx\/blog\/wp-content\/uploads\/2020\/06\/portada-terratronit-768x512.png 768w, https:\/\/www.terratronit.com.mx\/blog\/wp-content\/uploads\/2020\/06\/portada-terratronit.png 1920w\" sizes=\"(max-width: 1024px) 100vw, 1024px\" \/><\/noscript><\/figure><\/div>\n<\/div>\n\n\n\n<div class=\"wp-container-9 wp-block-column\"><div class=\"wpforms-container wpforms-container-full\" id=\"wpforms-2831\"><form id=\"wpforms-form-2831\" class=\"wpforms-validate wpforms-form\" data-formid=\"2831\" method=\"post\" enctype=\"multipart\/form-data\" action=\"\/blog\/wp-json\/wp\/v2\/pages\/2785\" data-token=\"de2a26aff1f0b1edebb6bc6a424b8d33\"><noscript class=\"wpforms-error-noscript\">Por favor, activa JavaScript en tu navegador para completar este formulario.<\/noscript><div class=\"wpforms-field-container\"><div id=\"wpforms-2831-field_0-container\" class=\"wpforms-field wpforms-field-name\" data-field-id=\"0\"><label class=\"wpforms-field-label\" for=\"wpforms-2831-field_0\">Nombre Completo <span class=\"wpforms-required-label\">*<\/span><\/label><input type=\"text\" id=\"wpforms-2831-field_0\" class=\"wpforms-field-large wpforms-field-required\" name=\"wpforms[fields][0]\" required><\/div><div id=\"wpforms-2831-field_1-container\" class=\"wpforms-field wpforms-field-email\" data-field-id=\"1\"><label class=\"wpforms-field-label\" for=\"wpforms-2831-field_1\">Correo electr\u00f3nico <span class=\"wpforms-required-label\">*<\/span><\/label><input type=\"email\" id=\"wpforms-2831-field_1\" class=\"wpforms-field-large wpforms-field-required\" name=\"wpforms[fields][1]\" required><\/div><div id=\"wpforms-2831-field_2-container\" class=\"wpforms-field wpforms-field-textarea\" data-field-id=\"2\"><label class=\"wpforms-field-label\" for=\"wpforms-2831-field_2\">Comentario o mensaje <span class=\"wpforms-required-label\">*<\/span><\/label><textarea id=\"wpforms-2831-field_2\" class=\"wpforms-field-medium wpforms-field-required\" name=\"wpforms[fields][2]\" required><\/textarea><\/div><\/div><div class=\"wpforms-field wpforms-field-hp\"><label for=\"wpforms-2831-field-hp\" class=\"wpforms-field-label\">Email<\/label><input type=\"text\" name=\"wpforms[hp]\" id=\"wpforms-2831-field-hp\" class=\"wpforms-field-medium\"><\/div><div class=\"wpforms-recaptcha-container wpforms-is-recaptcha\"><div class=\"g-recaptcha\" data-sitekey=\"6LdBxdcZAAAAAMnqX76-ap8p6EtcDK_bDc8o4S4u\"><\/div><input type=\"text\" name=\"g-recaptcha-hidden\" class=\"wpforms-recaptcha-hidden\" style=\"position:absolute!important;clip:rect(0,0,0,0)!important;height:1px!important;width:1px!important;border:0!important;overflow:hidden!important;padding:0!important;margin:0!important;\" required><\/div><div class=\"wpforms-submit-container\"><input type=\"hidden\" name=\"wpforms[id]\" value=\"2831\"><input type=\"hidden\" name=\"wpforms[author]\" value=\"1\"><button type=\"submit\" name=\"wpforms[submit]\" id=\"wpforms-submit-2831\" class=\"wpforms-submit\" data-alt-text=\"Enviando...\" data-submit-text=\"Enviar\" aria-live=\"assertive\" value=\"wpforms-submit\">Enviar<\/button><\/div><\/form><\/div>  <!-- .wpforms-container -->\n<\/div>\n<\/div>\n","protected":false},"excerpt":{"rendered":"<p>Te invitamos a conocer m\u00e1s acerca de las pl\u00e1ticas de confianza cuando fuimos miembros de BNI: Terratronit fue miembro activo de BNI Distrito Plata, gracias a esta red de contactos obtuvimos beneficios de valor como: Generar visibilidad para tu negocio. Conocer los productos, servicios y tendencias actuales de cada una de las \u00e1reas. Aprender de [&hellip;]<\/p>\n","protected":false},"author":1,"featured_media":0,"parent":0,"menu_order":0,"comment_status":"closed","ping_status":"closed","template":"","meta":[],"_links":{"self":[{"href":"https:\/\/www.terratronit.com.mx\/blog\/wp-json\/wp\/v2\/pages\/2785"}],"collection":[{"href":"https:\/\/www.terratronit.com.mx\/blog\/wp-json\/wp\/v2\/pages"}],"about":[{"href":"https:\/\/www.terratronit.com.mx\/blog\/wp-json\/wp\/v2\/types\/page"}],"author":[{"embeddable":true,"href":"https:\/\/www.terratronit.com.mx\/blog\/wp-json\/wp\/v2\/users\/1"}],"replies":[{"embeddable":true,"href":"https:\/\/www.terratronit.com.mx\/blog\/wp-json\/wp\/v2\/comments?post=2785"}],"version-history":[{"count":30,"href":"https:\/\/www.terratronit.com.mx\/blog\/wp-json\/wp\/v2\/pages\/2785\/revisions"}],"predecessor-version":[{"id":3031,"href":"https:\/\/www.terratronit.com.mx\/blog\/wp-json\/wp\/v2\/pages\/2785\/revisions\/3031"}],"wp:attachment":[{"href":"https:\/\/www.terratronit.com.mx\/blog\/wp-json\/wp\/v2\/media?parent=2785"}],"curies":[{"name":"wp","href":"https:\/\/api.w.org\/{rel}","templated":true}]}}