{"id":2573,"date":"2020-06-09T13:40:32","date_gmt":"2020-06-09T18:40:32","guid":{"rendered":"http:\/\/blog.terratronit.com.mx\/?page_id=2573"},"modified":"2020-10-28T19:16:15","modified_gmt":"2020-10-29T00:16:15","slug":"capacitaciones-en-tiempos-del-covid","status":"publish","type":"page","link":"https:\/\/www.terratronit.com.mx\/blog\/capacitaciones-en-tiempos-del-covid\/","title":{"rendered":"Capacitaciones"},"content":{"rendered":"\n<div class=\"wp-block-image\"><figure class=\"aligncenter\"><img width=\"1024\" height=\"311\" src=\"https:\/\/www.terratronit.com.mx\/blog\/wp-content\/themes\/newsmag\/assets\/images\/picture_placeholder_list.jpg\" data-src=\"https:\/\/www.terratronit.com.mx\/blog\/\/wp-content\/uploads\/2020\/06\/Capacitaciones-Webinars2020-1024x311.png\" alt=\"\" class=\"blazy wp-image-2577\" srcset=\"https:\/\/www.terratronit.com.mx\/blog\/wp-content\/uploads\/2020\/06\/Capacitaciones-Webinars2020-1024x311.png 1024w, https:\/\/www.terratronit.com.mx\/blog\/wp-content\/uploads\/2020\/06\/Capacitaciones-Webinars2020-300x91.png 300w, https:\/\/www.terratronit.com.mx\/blog\/wp-content\/uploads\/2020\/06\/Capacitaciones-Webinars2020-768x233.png 768w, https:\/\/www.terratronit.com.mx\/blog\/wp-content\/uploads\/2020\/06\/Capacitaciones-Webinars2020.png 1400w\" sizes=\"(max-width: 1024px) 100vw, 1024px\" \/><noscript><img width=\"1024\" height=\"311\" src=\"https:\/\/www.terratronit.com.mx\/blog\/\/wp-content\/uploads\/2020\/06\/Capacitaciones-Webinars2020-1024x311.png\" alt=\"\" class=\"wp-image-2577\" srcset=\"https:\/\/www.terratronit.com.mx\/blog\/wp-content\/uploads\/2020\/06\/Capacitaciones-Webinars2020-1024x311.png 1024w, https:\/\/www.terratronit.com.mx\/blog\/wp-content\/uploads\/2020\/06\/Capacitaciones-Webinars2020-300x91.png 300w, https:\/\/www.terratronit.com.mx\/blog\/wp-content\/uploads\/2020\/06\/Capacitaciones-Webinars2020-768x233.png 768w, https:\/\/www.terratronit.com.mx\/blog\/wp-content\/uploads\/2020\/06\/Capacitaciones-Webinars2020.png 1400w\" sizes=\"(max-width: 1024px) 100vw, 1024px\" \/><\/noscript><\/figure><\/div>\n\n\n\n<div style=\"height:35px\" aria-hidden=\"true\" class=\"wp-block-spacer\"><\/div>\n\n\n\n<center><h5 style=\"font-size:16px; font-weight:light;\">Para registrarte a nuestros webinars completamente GRATUITOS, por favor da clic en el bot\u00f3n.<\/h5><\/center>\n\n\n\n<div class=\"wp-block-button aligncenter\"><a class=\"wp-block-button__link has-background has-vivid-cyan-blue-background-color\" href=\"https:\/\/www.terratronit.com.mx\/blog\/\/registro\/\">\u00a1Registrate ahora!<\/a><\/div>\n\n\n\n<div style=\"height:35px\" aria-hidden=\"true\" class=\"wp-block-spacer\"><\/div>\n\n\n\n<center><h3 style=\"color:#004257;\">\u00bfTienes dudas acerca de alg\u00fan tema en espec\u00edfico?<\/h3><\/center>\n\n\n\n<center><h5 style=\"font-size:16px;\">Te invitamos a revivir nuestras capacitaciones donde abarcamos temas de importancia como: tecnolog\u00eda, finanzas, psicolog\u00eda, etc.<\/h5><\/center>\n\n\n\n<div style=\"height:20px\" aria-hidden=\"true\" class=\"wp-block-spacer\"><\/div>\n\n\n<div class=\"pt-cv-wrapper\"><div class=\"pt-cv-view pt-cv-grid pt-cv-colsys\" id=\"pt-cv-view-bfad791nzk\"><div data-id=\"pt-cv-page-1\" class=\"pt-cv-page\" data-cvc=\"3\"><div class=\"col-md-4 col-sm-6 col-xs-12 pt-cv-content-item pt-cv-1-col\" ><div class='pt-cv-ifield'><a href=\"https:\/\/www.terratronit.com.mx\/blog\/el-covid-19-y-los-riesgos-secundarios\/\" class=\"_blank pt-cv-href-thumbnail pt-cv-thumb-default\" target=\"_blank\" ><img width=\"300\" height=\"251\" src=\"https:\/\/www.terratronit.com.mx\/blog\/wp-content\/uploads\/2020\/06\/COVID-y-sus-efectos-secundarios-300x251.png\" class=\"pt-cv-thumbnail\" alt=\"\" srcset=\"https:\/\/www.terratronit.com.mx\/blog\/wp-content\/uploads\/2020\/06\/COVID-y-sus-efectos-secundarios-300x251.png 300w, https:\/\/www.terratronit.com.mx\/blog\/wp-content\/uploads\/2020\/06\/COVID-y-sus-efectos-secundarios-768x644.png 768w, https:\/\/www.terratronit.com.mx\/blog\/wp-content\/uploads\/2020\/06\/COVID-y-sus-efectos-secundarios.png 940w\" sizes=\"(max-width: 300px) 100vw, 300px\" \/><\/a>\n<h4 class=\"pt-cv-title\"><a href=\"https:\/\/www.terratronit.com.mx\/blog\/el-covid-19-y-los-riesgos-secundarios\/\" class=\"_blank\" target=\"_blank\" >El COVID-19 y los riesgos secundarios<\/a><\/h4>\n<div class=\"pt-cv-content\">\u00bfSab\u00edas que algunas aseguradoras cubren el traslado del equipo de c\u00f3mputo a las casas de los empleados que har\u00e1n #HomeOffice, ...<br \/><a href=\"https:\/\/www.terratronit.com.mx\/blog\/el-covid-19-y-los-riesgos-secundarios\/\" class=\"_blank pt-cv-readmore btn btn-success\" target=\"_blank\">\u00a1Ver ahora!<\/a><\/div><\/div><\/div>\n<div class=\"col-md-4 col-sm-6 col-xs-12 pt-cv-content-item pt-cv-1-col\" ><div class='pt-cv-ifield'><a href=\"https:\/\/www.terratronit.com.mx\/blog\/problemas-de-memoria\/\" class=\"_blank pt-cv-href-thumbnail pt-cv-thumb-default\" target=\"_blank\" ><img width=\"300\" height=\"251\" src=\"https:\/\/www.terratronit.com.mx\/blog\/wp-content\/uploads\/2020\/06\/problemas-de-memoria-300x251.png\" class=\"pt-cv-thumbnail\" alt=\"\" srcset=\"https:\/\/www.terratronit.com.mx\/blog\/wp-content\/uploads\/2020\/06\/problemas-de-memoria-300x251.png 300w, https:\/\/www.terratronit.com.mx\/blog\/wp-content\/uploads\/2020\/06\/problemas-de-memoria-768x644.png 768w, https:\/\/www.terratronit.com.mx\/blog\/wp-content\/uploads\/2020\/06\/problemas-de-memoria.png 940w\" sizes=\"(max-width: 300px) 100vw, 300px\" \/><\/a>\n<h4 class=\"pt-cv-title\"><a href=\"https:\/\/www.terratronit.com.mx\/blog\/problemas-de-memoria\/\" class=\"_blank\" target=\"_blank\" >\u00bfProblemas de memoria?<\/a><\/h4>\n<div class=\"pt-cv-content\">Ahora que migramos a dar clases, conferencias y pl\u00e1ticas en l\u00ednea, es importante transmitir tus ideas de manera concreta y ...<br \/><a href=\"https:\/\/www.terratronit.com.mx\/blog\/problemas-de-memoria\/\" class=\"_blank pt-cv-readmore btn btn-success\" target=\"_blank\">\u00a1Ver ahora!<\/a><\/div><\/div><\/div>\n<div class=\"col-md-4 col-sm-6 col-xs-12 pt-cv-content-item pt-cv-1-col\" ><div class='pt-cv-ifield'><a href=\"https:\/\/www.terratronit.com.mx\/blog\/tips-para-prevenir-contagios\/\" class=\"_blank pt-cv-href-thumbnail pt-cv-thumb-default\" target=\"_blank\" ><img width=\"300\" height=\"251\" src=\"https:\/\/www.terratronit.com.mx\/blog\/wp-content\/uploads\/2020\/06\/Tips-para-prevenir-contagios-300x251.png\" class=\"pt-cv-thumbnail\" alt=\"\" srcset=\"https:\/\/www.terratronit.com.mx\/blog\/wp-content\/uploads\/2020\/06\/Tips-para-prevenir-contagios-300x251.png 300w, https:\/\/www.terratronit.com.mx\/blog\/wp-content\/uploads\/2020\/06\/Tips-para-prevenir-contagios-768x644.png 768w, https:\/\/www.terratronit.com.mx\/blog\/wp-content\/uploads\/2020\/06\/Tips-para-prevenir-contagios.png 940w\" sizes=\"(max-width: 300px) 100vw, 300px\" \/><\/a>\n<h4 class=\"pt-cv-title\"><a href=\"https:\/\/www.terratronit.com.mx\/blog\/tips-para-prevenir-contagios\/\" class=\"_blank\" target=\"_blank\" >TIPS para prevenir contagios<\/a><\/h4>\n<div class=\"pt-cv-content\">La CONTAMINACI\u00d3N CRUZADA es m\u00e1s com\u00fan de lo que pensamos y de no evitarla, las CONSECUENCIAS podr\u00edan ser sumamente GRAVES ...<br \/><a href=\"https:\/\/www.terratronit.com.mx\/blog\/tips-para-prevenir-contagios\/\" class=\"_blank pt-cv-readmore btn btn-success\" target=\"_blank\">\u00a1Ver ahora!<\/a><\/div><\/div><\/div>\n<div class=\"col-md-4 col-sm-6 col-xs-12 pt-cv-content-item pt-cv-1-col\" ><div class='pt-cv-ifield'><a href=\"https:\/\/www.terratronit.com.mx\/blog\/lo-que-necesitas-saber-del-coronavirus\/\" class=\"_blank pt-cv-href-thumbnail pt-cv-thumb-default\" target=\"_blank\" ><img width=\"300\" height=\"157\" src=\"https:\/\/www.terratronit.com.mx\/blog\/wp-content\/uploads\/2020\/06\/lo-que-debes-saber-del-coronavirus-300x157.jpg\" class=\"pt-cv-thumbnail\" alt=\"\" srcset=\"https:\/\/www.terratronit.com.mx\/blog\/wp-content\/uploads\/2020\/06\/lo-que-debes-saber-del-coronavirus-300x157.jpg 300w, https:\/\/www.terratronit.com.mx\/blog\/wp-content\/uploads\/2020\/06\/lo-que-debes-saber-del-coronavirus-768x402.jpg 768w, https:\/\/www.terratronit.com.mx\/blog\/wp-content\/uploads\/2020\/06\/lo-que-debes-saber-del-coronavirus.jpg 960w\" sizes=\"(max-width: 300px) 100vw, 300px\" \/><\/a>\n<h4 class=\"pt-cv-title\"><a href=\"https:\/\/www.terratronit.com.mx\/blog\/lo-que-necesitas-saber-del-coronavirus\/\" class=\"_blank\" target=\"_blank\" >Lo que necesitas saber del Coronavirus<\/a><\/h4>\n<div class=\"pt-cv-content\">Todos tenemos dudas acerca del COVID-19, qu\u00e9 mejor que una doctora para resolverlas. En este webinar aclaramos dudas como: \u00bfQu\u00e9 ...<br \/><a href=\"https:\/\/www.terratronit.com.mx\/blog\/lo-que-necesitas-saber-del-coronavirus\/\" class=\"_blank pt-cv-readmore btn btn-success\" target=\"_blank\">\u00a1Ver ahora!<\/a><\/div><\/div><\/div>\n<div class=\"col-md-4 col-sm-6 col-xs-12 pt-cv-content-item pt-cv-1-col\" ><div class='pt-cv-ifield'><a href=\"https:\/\/www.terratronit.com.mx\/blog\/redes-sociales-apoyo-o-desventaja\/\" class=\"_blank pt-cv-href-thumbnail pt-cv-thumb-default\" target=\"_blank\" ><img width=\"300\" height=\"157\" src=\"https:\/\/www.terratronit.com.mx\/blog\/wp-content\/uploads\/2020\/06\/redes-sociales-apoyo-o-desventaja-300x157.jpg\" class=\"pt-cv-thumbnail\" alt=\"\" srcset=\"https:\/\/www.terratronit.com.mx\/blog\/wp-content\/uploads\/2020\/06\/redes-sociales-apoyo-o-desventaja-300x157.jpg 300w, https:\/\/www.terratronit.com.mx\/blog\/wp-content\/uploads\/2020\/06\/redes-sociales-apoyo-o-desventaja-768x402.jpg 768w, https:\/\/www.terratronit.com.mx\/blog\/wp-content\/uploads\/2020\/06\/redes-sociales-apoyo-o-desventaja.jpg 960w\" sizes=\"(max-width: 300px) 100vw, 300px\" \/><\/a>\n<h4 class=\"pt-cv-title\"><a href=\"https:\/\/www.terratronit.com.mx\/blog\/redes-sociales-apoyo-o-desventaja\/\" class=\"_blank\" target=\"_blank\" >Redes Sociales \u2013 Apoyo o Desventaja<\/a><\/h4>\n<div class=\"pt-cv-content\">\u00bfC\u00f3mo hacer de las redes sociales algo productivo y todas las emociones que acompa\u00f1an esta crisis sanitaria y cuarentena en ...<br \/><a href=\"https:\/\/www.terratronit.com.mx\/blog\/redes-sociales-apoyo-o-desventaja\/\" class=\"_blank pt-cv-readmore btn btn-success\" target=\"_blank\">\u00a1Ver ahora!<\/a><\/div><\/div><\/div>\n<div class=\"col-md-4 col-sm-6 col-xs-12 pt-cv-content-item pt-cv-1-col\" ><div class='pt-cv-ifield'><a href=\"https:\/\/www.terratronit.com.mx\/blog\/los-basicos-en-tus-finanzas-durante-y-despues-del-coronavirus\/\" class=\"_blank pt-cv-href-thumbnail pt-cv-thumb-default\" target=\"_blank\" ><img width=\"300\" height=\"157\" src=\"https:\/\/www.terratronit.com.mx\/blog\/wp-content\/uploads\/2020\/06\/Los-b\u00e1sicos-en-tus-finanzas-durante-y-despu\u00e9s-del-coronavirus-300x157.jpg\" class=\"pt-cv-thumbnail\" alt=\"\" srcset=\"https:\/\/www.terratronit.com.mx\/blog\/wp-content\/uploads\/2020\/06\/Los-b\u00e1sicos-en-tus-finanzas-durante-y-despu\u00e9s-del-coronavirus-300x157.jpg 300w, https:\/\/www.terratronit.com.mx\/blog\/wp-content\/uploads\/2020\/06\/Los-b\u00e1sicos-en-tus-finanzas-durante-y-despu\u00e9s-del-coronavirus-768x402.jpg 768w, https:\/\/www.terratronit.com.mx\/blog\/wp-content\/uploads\/2020\/06\/Los-b\u00e1sicos-en-tus-finanzas-durante-y-despu\u00e9s-del-coronavirus.jpg 960w\" sizes=\"(max-width: 300px) 100vw, 300px\" \/><\/a>\n<h4 class=\"pt-cv-title\"><a href=\"https:\/\/www.terratronit.com.mx\/blog\/los-basicos-en-tus-finanzas-durante-y-despues-del-coronavirus\/\" class=\"_blank\" target=\"_blank\" >Los b\u00e1sicos en tus finanzas durante y despu\u00e9s del coronavirus<\/a><\/h4>\n<div class=\"pt-cv-content\">En este webinar se vi\u00f3 lo que una persona debe implementar para lograr una estabilidad financiera durante y despu\u00e9s del ...<br \/><a href=\"https:\/\/www.terratronit.com.mx\/blog\/los-basicos-en-tus-finanzas-durante-y-despues-del-coronavirus\/\" class=\"_blank pt-cv-readmore btn btn-success\" target=\"_blank\">\u00a1Ver ahora!<\/a><\/div><\/div><\/div>\n<div class=\"col-md-4 col-sm-6 col-xs-12 pt-cv-content-item pt-cv-1-col\" ><div class='pt-cv-ifield'><a href=\"https:\/\/www.terratronit.com.mx\/blog\/la-delincuencia-no-hace-cuarentena\/\" class=\"_blank pt-cv-href-thumbnail pt-cv-thumb-default\" target=\"_blank\" ><img width=\"300\" height=\"157\" src=\"https:\/\/www.terratronit.com.mx\/blog\/wp-content\/uploads\/2020\/06\/La-delincuencia-no-hace-cuarentena-300x157.jpg\" class=\"pt-cv-thumbnail\" alt=\"\" srcset=\"https:\/\/www.terratronit.com.mx\/blog\/wp-content\/uploads\/2020\/06\/La-delincuencia-no-hace-cuarentena-300x157.jpg 300w, https:\/\/www.terratronit.com.mx\/blog\/wp-content\/uploads\/2020\/06\/La-delincuencia-no-hace-cuarentena-768x402.jpg 768w, https:\/\/www.terratronit.com.mx\/blog\/wp-content\/uploads\/2020\/06\/La-delincuencia-no-hace-cuarentena.jpg 960w\" sizes=\"(max-width: 300px) 100vw, 300px\" \/><\/a>\n<h4 class=\"pt-cv-title\"><a href=\"https:\/\/www.terratronit.com.mx\/blog\/la-delincuencia-no-hace-cuarentena\/\" class=\"_blank\" target=\"_blank\" >La delincuencia no hace cuarentena<\/a><\/h4>\n<div class=\"pt-cv-content\">\u00bfHas tenido que desplazarte de la zona de tu negocio en la contingencia? \u00bfTu oficina permanece cerrada sin vigilancia? La ...<br \/><a href=\"https:\/\/www.terratronit.com.mx\/blog\/la-delincuencia-no-hace-cuarentena\/\" class=\"_blank pt-cv-readmore btn btn-success\" target=\"_blank\">\u00a1Ver ahora!<\/a><\/div><\/div><\/div>\n<div class=\"col-md-4 col-sm-6 col-xs-12 pt-cv-content-item pt-cv-1-col\" ><div class='pt-cv-ifield'><a href=\"https:\/\/www.terratronit.com.mx\/blog\/como-hacer-crecer-tu-canal-en-youtube\/\" class=\"_blank pt-cv-href-thumbnail pt-cv-thumb-default\" target=\"_blank\" ><img width=\"300\" height=\"157\" src=\"https:\/\/www.terratronit.com.mx\/blog\/wp-content\/uploads\/2020\/06\/C\u00f3mo-hacer-crecer-tu-canal-en-Youtube-300x157.jpg\" class=\"pt-cv-thumbnail\" alt=\"\" srcset=\"https:\/\/www.terratronit.com.mx\/blog\/wp-content\/uploads\/2020\/06\/C\u00f3mo-hacer-crecer-tu-canal-en-Youtube-300x157.jpg 300w, https:\/\/www.terratronit.com.mx\/blog\/wp-content\/uploads\/2020\/06\/C\u00f3mo-hacer-crecer-tu-canal-en-Youtube-768x402.jpg 768w, https:\/\/www.terratronit.com.mx\/blog\/wp-content\/uploads\/2020\/06\/C\u00f3mo-hacer-crecer-tu-canal-en-Youtube.jpg 960w\" sizes=\"(max-width: 300px) 100vw, 300px\" \/><\/a>\n<h4 class=\"pt-cv-title\"><a href=\"https:\/\/www.terratronit.com.mx\/blog\/como-hacer-crecer-tu-canal-en-youtube\/\" class=\"_blank\" target=\"_blank\" >\u00bfC\u00f3mo hacer crecer tu canal en Youtube?<\/a><\/h4>\n<div class=\"pt-cv-content\">Patricia Samboy tiene su canal que cuenta con 3,950 suscriptores, en continuo crecimiento, y vino a contarnos sus secretos en ...<br \/><a href=\"https:\/\/www.terratronit.com.mx\/blog\/como-hacer-crecer-tu-canal-en-youtube\/\" class=\"_blank pt-cv-readmore btn btn-success\" target=\"_blank\">\u00a1Ver ahora!<\/a><\/div><\/div><\/div>\n<div class=\"col-md-4 col-sm-6 col-xs-12 pt-cv-content-item pt-cv-1-col\" ><div class='pt-cv-ifield'><a href=\"https:\/\/www.terratronit.com.mx\/blog\/ecommerce-el-salvavidas-de-tu-negocio\/\" class=\"_blank pt-cv-href-thumbnail pt-cv-thumb-default\" target=\"_blank\" ><img width=\"300\" height=\"157\" src=\"https:\/\/www.terratronit.com.mx\/blog\/wp-content\/uploads\/2020\/06\/ECommerce-el-salvavidas-de-tu-negocio-300x157.jpg\" class=\"pt-cv-thumbnail\" alt=\"\" srcset=\"https:\/\/www.terratronit.com.mx\/blog\/wp-content\/uploads\/2020\/06\/ECommerce-el-salvavidas-de-tu-negocio-300x157.jpg 300w, https:\/\/www.terratronit.com.mx\/blog\/wp-content\/uploads\/2020\/06\/ECommerce-el-salvavidas-de-tu-negocio-768x402.jpg 768w, https:\/\/www.terratronit.com.mx\/blog\/wp-content\/uploads\/2020\/06\/ECommerce-el-salvavidas-de-tu-negocio.jpg 960w\" sizes=\"(max-width: 300px) 100vw, 300px\" \/><\/a>\n<h4 class=\"pt-cv-title\"><a href=\"https:\/\/www.terratronit.com.mx\/blog\/ecommerce-el-salvavidas-de-tu-negocio\/\" class=\"_blank\" target=\"_blank\" >ECommerce, el salvavidas de tu negocio<\/a><\/h4>\n<div class=\"pt-cv-content\">Si tuviste que cerrar tu negocio en esta cuarentena, es momento de adaptarte a los cambios y aprovechar las ventajas ...<br \/><a href=\"https:\/\/www.terratronit.com.mx\/blog\/ecommerce-el-salvavidas-de-tu-negocio\/\" class=\"_blank pt-cv-readmore btn btn-success\" target=\"_blank\">\u00a1Ver ahora!<\/a><\/div><\/div><\/div><\/div><\/div>\n<div class=\" pt-cv-pagination-wrapper\"><ul class=\"pt-cv-pagination pt-cv-ajax pagination\" data-totalpages=\"4\" data-currentpage=\"1\" data-sid=\"bfad791nzk\" data-unid=\"\"><li class=\"active\"><a href=\"#\">1<\/a><\/li>\n\t<li ><a class=\"\" href=\"https:\/\/www.terratronit.com.mx\/blog\/wp-json\/wp\/v2\/pages\/2573\/?_page=2\">2<\/a><\/li>\n\t<li ><a class=\"\" href=\"https:\/\/www.terratronit.com.mx\/blog\/wp-json\/wp\/v2\/pages\/2573\/?_page=3\">3<\/a><\/li>\n\t<li ><a class=\"\" href=\"https:\/\/www.terratronit.com.mx\/blog\/wp-json\/wp\/v2\/pages\/2573\/?_page=4\">4<\/a><\/li>\n\t<li ><a class=\" \" href=\"https:\/\/www.terratronit.com.mx\/blog\/wp-json\/wp\/v2\/pages\/2573\/?_page=2\">&rsaquo;<\/a><\/li>\n\t<\/ul><img width=\"15\" height=\"15\" class=\"pt-cv-spinner\" alt=\"Cargando...\" src=\"data:image\/gif;base64,R0lGODlhDwAPALMPAMrKygwMDJOTkz09PZWVla+vr3p6euTk5M7OzuXl5TMzMwAAAJmZmWZmZszMzP\/\/\/yH\/C05FVFNDQVBFMi4wAwEAAAAh+QQFCgAPACwAAAAADwAPAAAEQvDJaZaZOIcV8iQK8VRX4iTYoAwZ4iCYoAjZ4RxejhVNoT+mRGP4cyF4Pp0N98sBGIBMEMOotl6YZ3S61Bmbkm4mAgAh+QQFCgAPACwAAAAADQANAAAENPDJSRSZeA418itN8QiK8BiLITVsFiyBBIoYqnoewAD4xPw9iY4XLGYSjkQR4UAUD45DLwIAIfkEBQoADwAsAAAAAA8ACQAABC\/wyVlamTi3nSdgwFNdhEJgTJoNyoB9ISYoQmdjiZPcj7EYCAeCF1gEDo4Dz2eIAAAh+QQFCgAPACwCAAAADQANAAAEM\/DJBxiYeLKdX3IJZT1FU0iIg2RNKx3OkZVnZ98ToRD4MyiDnkAh6BkNC0MvsAj0kMpHBAAh+QQFCgAPACwGAAAACQAPAAAEMDC59KpFDll73HkAA2wVY5KgiK5b0RRoI6MuzG6EQqCDMlSGheEhUAgqgUUAFRySIgAh+QQFCgAPACwCAAIADQANAAAEM\/DJKZNLND\/kkKaHc3xk+QAMYDKsiaqmZCxGVjSFFCxB1vwy2oOgIDxuucxAMTAJFAJNBAAh+QQFCgAPACwAAAYADwAJAAAEMNAs86q1yaWwwv2Ig0jUZx3OYa4XoRAfwADXoAwfo1+CIjyFRuEho60aSNYlOPxEAAAh+QQFCgAPACwAAAIADQANAAAENPA9s4y8+IUVcqaWJ4qEQozSoAzoIyhCK2NFU2SJk0hNnyEOhKR2AzAAj4Pj4GE4W0bkJQIAOw==\" \/><div class=\"clear pt-cv-clear-pagination\"><\/div><\/div><\/div>\n","protected":false},"excerpt":{"rendered":"<p>Para registrarte a nuestros webinars completamente GRATUITOS, por favor da clic en el bot\u00f3n. \u00bfTienes dudas acerca de alg\u00fan tema en espec\u00edfico? Te invitamos a revivir nuestras capacitaciones donde abarcamos temas de importancia como: tecnolog\u00eda, finanzas, psicolog\u00eda, etc.<\/p>\n","protected":false},"author":1,"featured_media":0,"parent":0,"menu_order":0,"comment_status":"closed","ping_status":"closed","template":"","meta":[],"_links":{"self":[{"href":"https:\/\/www.terratronit.com.mx\/blog\/wp-json\/wp\/v2\/pages\/2573"}],"collection":[{"href":"https:\/\/www.terratronit.com.mx\/blog\/wp-json\/wp\/v2\/pages"}],"about":[{"href":"https:\/\/www.terratronit.com.mx\/blog\/wp-json\/wp\/v2\/types\/page"}],"author":[{"embeddable":true,"href":"https:\/\/www.terratronit.com.mx\/blog\/wp-json\/wp\/v2\/users\/1"}],"replies":[{"embeddable":true,"href":"https:\/\/www.terratronit.com.mx\/blog\/wp-json\/wp\/v2\/comments?post=2573"}],"version-history":[{"count":5,"href":"https:\/\/www.terratronit.com.mx\/blog\/wp-json\/wp\/v2\/pages\/2573\/revisions"}],"predecessor-version":[{"id":2624,"href":"https:\/\/www.terratronit.com.mx\/blog\/wp-json\/wp\/v2\/pages\/2573\/revisions\/2624"}],"wp:attachment":[{"href":"https:\/\/www.terratronit.com.mx\/blog\/wp-json\/wp\/v2\/media?parent=2573"}],"curies":[{"name":"wp","href":"https:\/\/api.w.org\/{rel}","templated":true}]}}